s 611221332 a multiple of 356?
False
Does 9442 divide 4993968220?
True
Does 1863 divide 16692480?
True
Does 360 divide 33966204?
False
Does 366 divide 2079380322?
True
Is 744 a factor of 2263170624?
True
Is 151 a factor of 4841338016?
False
Is 96 a factor of 13518188?
False
Is 1886 a factor of 10508792?
True
Is 2753 a factor of 36521013?
False
Is 33764000 a multiple of 200?
True
Is 109 a factor of 8837539?
False
Does 12 divide 72078050?
False
Is 2193125000 a multiple of 20?
True
Is 4302 a factor of 379169676?
True
Does 23 divide 13125010?
False
Is 130 a factor of 2838884460?
False
Is 32 a factor of 19468976?
False
Is 60 a factor of 1244908285?
False
Does 8 divide 213474448?
True
Is 292 a factor of 325279824?
True
Is 1009462653 a multiple of 17?
False
Is 49 a factor of 89767706?
True
Is 167 a factor of 11573267?
True
Does 423 divide 53659665?
True
Is 51268126 a multiple of 14?
True
Is 105852807 a multiple of 993?
True
Does 78 divide 32486498?
False
Does 9 divide 2588409354?
False
Is 34 a factor of 94318545?
False
Is 24790688 a multiple of 736?
True
Does 109 divide 168667690?
True
Is 27975315 a multiple of 1643?
False
Does 3 divide 5298958?
False
Is 17858808 a multiple of 88?
True
Is 27 a factor of 111015765?
True
Is 22988076 a multiple of 31?
False
Is 5 a factor of 178002908?
False
Is 68 a factor of 83942328?
True
Is 5 a factor of 106775979?
False
Is 28808671 a multiple of 255?
False
Does 2 divide 125323137?
False
Is 11 a factor of 465381302?
False
Is 60255565 a multiple of 3673?
True
Is 64 a factor of 1084856433?
False
Is 15819942 a multiple of 801?
False
Is 45 a factor of 19723853?
False
Is 14244524 a multiple of 4?
True
Is 2117656494 a multiple of 9?
True
Is 17 a factor of 3454712800?
True
Is 1759 a factor of 109351753?
True
Does 997 divide 130498327?
True
Is 874435330 a multiple of 3206?
False
Does 10 divide 97185960?
True
Is 1228 a factor of 450824326?
False
Does 5481 divide 1579870845?
True
Does 1393 divide 2650323614?
False
Is 743 a factor of 191737094?
True
Is 173404483 a multiple of 3382?
False
Does 3990 divide 175252604?
False
Is 12 a factor of 832676940?
True
Is 2821 a factor of 6489086426?
False
Does 278 divide 68758841?
False
Does 310 divide 303264940?
True
Is 237 a factor of 49411182?
True
Is 43336307 a multiple of 84?
False
Is 113678464 a multiple of 148?
False
Does 238 divide 155040890?
False
Is 1710138450 a multiple of 586?
True
Is 29257431 a multiple of 159?
True
Is 20242208 a multiple of 112?
True
Is 35930922 a multiple of 1426?
True
Is 1868 a factor of 131568844?
True
Is 2128 a factor of 1381586814?
False
Does 21 divide 15926904?
True
Is 562 a factor of 270976168?
True
Does 72 divide 930528000?
True
Is 49 a factor of 29260105?
True
Does 3 divide 7781744?
False
Is 974 a factor of 78128365?
False
Does 554 divide 187414956?
False
Does 4 divide 56103746?
False
Does 88 divide 2429924?
False
Is 21 a factor of 58342388?
False
Does 44 divide 87598280?
True
Does 145 divide 476851708?
False
Does 609 divide 112839396?
False
Does 193 divide 14371938?
True
Is 2 a factor of 23081248?
True
Does 563 divide 14240253?
False
Is 4 a factor of 319619306?
False
Is 44 a factor of 142500776?
True
Is 248188655 a multiple of 51?
False
Is 12 a factor of 10443130?
False
Is 2347786772 a multiple of 935?
False
Is 1336707996 a multiple of 13?
True
Is 75 a factor of 11539125?
True
Is 2679955 a multiple of 13?
False
Is 17 a factor of 9689235?
True
Does 1151 divide 5422407403?
False
Is 49 a factor of 656819968?
False
Is 1175 a factor of 106691175?
True
Is 126074074 a multiple of 87?
False
Does 521 divide 20804422?
False
Is 13 a factor of 138569357?
False
Is 400664637 a multiple of 3692?
False
Is 28005672 a multiple of 2?
True
Is 268 a factor of 65342784?
False
Is 53067620 a multiple of 370?
True
Does 166 divide 681678796?
False
Is 1579 a factor of 743637301?
False
Does 12 divide 49344012?
True
Is 1852977270 a multiple of 15?
True
Is 44 a factor of 56778480?
True
Is 574985656 a multiple of 14?
True
Does 781 divide 339252205?
False
Is 361557796 a multiple of 75?
False
Is 36056092 a multiple of 2137?
False
Is 73195587 a multiple of 2485?
False
Is 2634325 a multiple of 89?
False
Is 316 a factor of 38434764?
True
Is 8 a factor of 208021483?
False
Is 182 a factor of 71820996?
False
Is 27876736 a multiple of 2156?
False
Is 25489792 a multiple of 94?
True
Is 3329596 a multiple of 23?
False
Is 77 a factor of 286736450?
True
Is 291753374 a multiple of 278?
False
Is 31929283 a multiple of 20?
False
Is 309650524 a multiple of 548?
False
Is 222662098 a multiple of 1492?
False
Does 47 divide 197447188?
True
Is 24 a factor of 54599712?
True
Is 23 a factor of 106283116?
False
Is 22 a factor of 3226607?
False
Does 442 divide 65207620?
False
Is 401634842 a multiple of 121?
False
Does 78 divide 34027110?
True
Does 13 divide 43594933?
False
Is 2125 a factor of 630062500?
True
Does 15 divide 116964915?
True
Is 1490775 a multiple of 55?
True
Does 80 divide 335919683?
False
Does 30 divide 35479245?
False
Does 259 divide 174161960?
True
Is 2201853939 a multiple of 379?
True
Does 48 divide 4818123?
False
Is 4494384 a multiple of 368?
True
Is 537271748 a multiple of 2813?
True
Is 530334717 a multiple of 14?
False
Is 940 a factor of 383086660?
True
Is 51212004 a multiple of 80?
False
Is 1070777114 a multiple of 5?
False
Is 19129049 a multiple of 132?
False
Is 1258307062 a multiple of 11?
False
Is 118778978 a multiple of 21?
False
Does 16 divide 379476163?
False
Does 342 divide 490382514?
True
Is 1020 a factor of 2360728211?
False
Does 33 divide 550350290?
False
Is 89547571 a multiple of 178?
False
Does 1722 divide 54243000?
True
Is 1080303850 a multiple of 4145?
False
Does 286 divide 428535250?
True
Is 11653051 a multiple of 193?
False
Is 520879229 a multiple of 5497?
True
Does 389 divide 11493646?
False
Is 164 a factor of 51763976?
True
Is 12 a factor of 222188954?
False
Does 16 divide 512922846?
False
Does 255 divide 38957417?
False
Is 88 a factor of 867350704?
True
Is 13 a factor of 5486780716?
False
Does 3367 divide 291144490?
True
Is 111145395 a multiple of 82?
False
Is 44513168 a multiple of 4?
True
Is 858 a factor of 23959650?
True
Does 25 divide 1230000?
True
Does 18 divide 27799405?
False
Is 60313524 a multiple of 4?
True
Is 1965736320 a multiple of 24?
True
Is 49144876 a multiple of 242?
True
Does 8 divide 48878908?
False
Is 146102228 a multiple of 13?
False
Is 1747121404 a multiple of 4480?
False
Is 13364624 a multiple of 959?
True
Is 95619291 a multiple of 47?
True
Is 336616750 a multiple of 482?
True
Does 7 divide 136528?
True
Is 11 a factor of 25293190?
False
Is 929 a factor of 355992974?
False
Is 219615040 a multiple of 35?
False
Is 25 a factor of 17342853?
False
Does 252 divide 8821417?
False
Is 2270 a factor of 101083100?
True
Does 47 divide 5747348?
True
Is 5262 a factor of 404058276?
False
Is 846 a factor of 191064024?
True
Is 7380 a factor of 3113450381?
False
Is 224 a factor of 16136653?
False
Is 50 a factor of 2025500?
True
Is 243033180 a multiple of 103?
False
Does 1458 divide 112384610?
False
Does 1327 divide 18653687?
False
Is 59 a factor of 37268825?
True
Does 40 divide 74444142?
False
Is 82 a factor of 1230396297?
False
Is 13014420 a multiple of 155?
True
Is 2332349136 a multiple of 5644?
True
Is 158509267 a multiple of 49?
True
Does 2634 divide 456159708?
False
Does 90 divide 4184010?
True
Does 1809 divide 158276931?
False
Is 326 a factor of 81476202?
True
Is 1518823438 a multiple of 53?
True
Is 13 a factor of 45993712?
False
Is 28434136 a multiple of 1909?
False
Is 1269 a factor of 1314328394?
False
Does 504 divide 139042132?
False
Is 3 a factor of 10382452?
False
Is 11 a factor of 856203302?
False
Is 221312532 a multiple of 1932?
True
Does 21 divide 1248510290?
False
Is 490 a factor of 28141745?
False
Is 2566320496 a multiple of 250?
False
Is 1123 a factor of 28182095?
False
Is 26127164 a multiple of 42?
False
Is 6 a factor of 1594698613?
False
Is 210 a factor of 154166250?
True
Does 33 divide 143831197?
False
Is 33 a factor of 155169432?
True
Is 5992535 a multiple of 115?
True
Is 146 a factor of 48061257?
False
Does 6917 divide 126553432?
True
Does 21 divide 89957097?
False
Does 18 divide 21841436?
False
Is 39 a factor of 46087587?
True
Is 60666792 